 common factor of 13795 and 2490220?
445
Calculate the greatest common divisor of 9392 and 14583428.
2348
Calculate the highest common factor of 8891480 and 16.
8
Calculate the highest common factor of 682 and 46882.
22
Calculate the highest common divisor of 6017055 and 110.
55
What is the highest common factor of 333957 and 6045?
39
What is the greatest common factor of 38006054 and 898?
898
Calculate the highest common divisor of 192750535 and 190.
95
What is the highest common divisor of 86606136 and 36?
36
What is the highest common divisor of 23 and 13941887?
23
What is the highest common factor of 556329536 and 28?
28
Calculate the greatest common factor of 32366145 and 140.
35
Calculate the highest common factor of 9505 and 4160.
5
Calculate the highest common divisor of 11607669 and 96192.
1503
What is the highest common divisor of 225112184 and 264?
88
Calculate the highest common divisor of 45897006 and 276.
138
What is the greatest common factor of 7700 and 4349660?
140
What is the greatest common factor of 2517836 and 732?
244
Calculate the greatest common divisor of 124795 and 1375.
55
Calculate the highest common divisor of 893848 and 2776.
8
Calculate the highest common factor of 512 and 123369440.
32
Calculate the greatest common divisor of 6605 and 29635.
5
Calculate the greatest common factor of 875 and 3653500.
125
What is the greatest common factor of 16090 and 26360?
10
Calculate the greatest common factor of 20 and 11746270.
10
Calculate the highest common factor of 1281774 and 4212.
78
What is the greatest common factor of 12 and 50436636?
12
What is the greatest common divisor of 7540 and 1308320?
260
What is the greatest common factor of 789424 and 1408?
16
Calculate the greatest common factor of 6060 and 440106490.
1010
Calculate the greatest common factor of 62467100 and 25900.
3700
What is the greatest common divisor of 25 and 14216200?
25
What is the greatest common factor of 2548199665 and 3355?
3355
Calculate the greatest common factor of 11994887 and 10228.
2557
Calculate the greatest common factor of 35287960 and 64.
8
What is the highest common divisor of 10 and 37008470?
10
Calculate the highest common factor of 75318319 and 131.
131
What is the highest common factor of 143399 and 60023?
193
Calculate the greatest common factor of 212888 and 28836.
356
What is the greatest common divisor of 1258280 and 10615790?
3790
Calculate the highest common factor of 3829008 and 528.
48
Calculate the highest common factor of 3751950 and 300.
150
What is the highest common factor of 9660589 and 42377?
1367
Calculate the greatest common factor of 6 and 36407958.
6
What is the greatest common factor of 269 and 172012050?
269
What is the highest common divisor of 25663 and 30002380?
2333
What is the highest common divisor of 168175753 and 237?
79
Calculate the greatest common factor of 19 and 301645957.
19
Calculate the highest common factor of 529 and 56818832.
529
Calculate the highest common divisor of 23086164 and 795.
159
Calculate the highest common factor of 176981 and 422863.
1351
Calculate the greatest common divisor of 80080 and 897160.
440
Calculate the highest common factor of 854 and 164824562.
854
What is the greatest common divisor of 20 and 673855680?
20
Calculate the greatest common factor of 13080 and 9605080.
4360
What is the greatest common divisor of 203660 and 1841925?
2995
What is the highest common factor of 28967 and 3953041?
83
What is the highest common divisor of 5084 and 2247593?
31
Calculate the greatest common divisor of 1773 and 7669998.
1773
What is the highest common divisor of 27653160 and 1185?
1185
What is the highest common divisor of 1236 and 50322504?
1236
What is the greatest common factor of 804264 and 78396?
564
What is the highest common factor of 184 and 26296567?
23
Calculate the greatest common factor of 42599 and 28094560.
1039
What is the greatest common factor of 11950865 and 20?
5
What is the highest common factor of 17868858 and 1722?
42
What is the highest common factor of 87239 and 43309?
23
Calculate the highest common divisor of 127909 and 11584407.
3457
Calculate the greatest common factor of 97477107 and 2996.
749
What is the highest common divisor of 317524 and 82804?
652
What is the greatest common divisor of 2787188 and 419076?
6652
Calculate the greatest common divisor of 214095 and 5565.
105
Calculate the highest common divisor of 1290692 and 704.
4
Calculate the greatest common factor of 146869 and 105461.
647
What is the greatest common divisor of 41874450 and 555717?
7827
What is the greatest common divisor of 81342 and 10260?
18
Calculate the highest common factor of 150 and 27221625.
75
Calculate the greatest common divisor of 5730 and 883470.
30
Calculate the highest common factor of 104 and 20224412.
52
What is the highest common factor of 40727568 and 2336574?
15474
Calculate the highest common factor of 476 and 192100.
68
Calculate the greatest common divisor of 1990504 and 512.
8
What is the greatest common divisor of 2422 and 50882587?
1211
What is the highest common factor of 2988 and 21542816?
332
Calculate the greatest common divisor of 85008 and 20723.
23
What is the greatest common divisor of 17975 and 40900?
25
What is the greatest common factor of 1044336 and 168?
24
What is the greatest common factor of 438 and 227011458?
438
What is the highest common factor of 70 and 63699590?
10
What is the highest common divisor of 111 and 387210?
3
What is the greatest common factor of 275 and 79008275?
25
What is the highest common divisor of 5136 and 2793984?
5136
Calculate the highest common divisor of 1280435 and 780.
65
What is the greatest common divisor of 3050427 and 366?
183
What is the highest common factor of 1056 and 127776924?
132
Calculate the highest common divisor of 70887786 and 3.
3
What is the highest common factor of 973114 and 43894?
34
Calculate the greatest common divisor of 277785 and 19455.
15
Calculate the highest common factor of 112937804 and 564.
188
Calculate the highest common divisor of 25065 and 7167.
3
What is the highest common factor of 462736 and 176?
16
Calculate the highest common divisor of 223110 and 2081250.
3330
What is the highest common divisor of 13303418 and 393142?
12682
Calculate the greatest common divisor of 144 and 17558124.
12
Calculate the highest common divisor of 10088730 and 3375.
45
Calculate the highest common divisor of 294 and 12773670.
42
Calculate the greatest common factor of 44122545 and 36.
9
What is the highest common divisor of 44345336 and 11345?
2269
What is the greatest common factor of 32 and 20402574?
2
What is the greatest common factor of 380856 and 2904?
24
Calculate the greatest common factor of 3689194 and 2588.
1294
What is the highest common factor of 12622222 and 12028?
194
Calculate the highest common factor of 852 and 63188012.
284
Calculate the greatest common factor of 15052293 and 45.
9
Calculate the highest common factor of 262 and 24026841.
131
Calculate the greatest common divisor of 14476918 and 80.
2
What is the greatest common divisor of 30 and 4192488?
6
What is the greatest common factor of 40443 and 458133?
663
What is the highest common factor of 272113 and 69?
23
What is the highest common factor of 4595 and 150395?
5
What is the greatest common divisor of 12312 and 22067436?
228
What is the greatest common divisor of 3191157 and 162?
81
What is the highest common divisor of 21210 and 396425?
505
What is the greatest common factor of 12265 and 5003570?
55
What is the greatest common divisor of 9313 and 143309?
139
What is the greatest common divisor of 1584 and 1344376?
88
What is the greatest common factor of 192 and 400836928?
64
Calculate the highest common factor of 37973329 and 1737.
193
Calculate the greatest common factor of 3021184 and 26.
2
What is the highest common divisor of 1880 and 246741070?
470
Calculate the highest common divisor of 345684872 and 312.
104
Calculate the greatest common factor of 32452329 and 14.
7
What is the greatest common factor of 178 and 5810?
2
What is the greatest common factor of 298990288 and 472?
472
Calculate the greatest common factor of 5 and 953349.
1
Calculate the greatest common factor of 666397 and 1541361